0 and 180?
180
What is the greatest common factor of 55 and 246851?
11
What is the greatest common divisor of 120 and 1464?
24
Calculate the highest common divisor of 567 and 6559.
7
What is the greatest common factor of 12195 and 36?
9
Calculate the greatest common divisor of 32 and 10196.
4
What is the highest common divisor of 52640 and 320?
160
What is the greatest common divisor of 1564 and 64362?
34
Calculate the greatest common factor of 2125461 and 143.
13
Calculate the highest common factor of 1899 and 5832.
9
Calculate the greatest common divisor of 44976 and 8.
8
Calculate the greatest common factor of 19295 and 935.
85
Calculate the greatest common divisor of 8 and 29944.
8
What is the greatest common factor of 45756 and 11316?
492
What is the greatest common factor of 14355 and 3393?
261
Calculate the greatest common divisor of 27657 and 8022.
21
What is the greatest common divisor of 3300 and 13640?
220
Calculate the highest common divisor of 63 and 194.
1
Calculate the highest common divisor of 18000 and 390.
30
What is the greatest common factor of 49426 and 754?
26
What is the highest common divisor of 615687 and 276?
69
Calculate the greatest common divisor of 14336 and 864.
32
What is the greatest common factor of 3076 and 5?
1
What is the greatest common divisor of 39875 and 1914?
319
What is the highest common divisor of 25739 and 7?
7
What is the greatest common divisor of 24426 and 3?
3
What is the highest common divisor of 11794 and 46?
2
Calculate the greatest common divisor of 1600676 and 385.
77
Calculate the greatest common factor of 1151293 and 286.
143
What is the highest common factor of 1053 and 325?
13
Calculate the greatest common factor of 55 and 25278.
11
What is the greatest common divisor of 14949 and 154?
11
What is the greatest common factor of 190037 and 696?
29
Calculate the greatest common factor of 4227216 and 483.
483
What is the highest common factor of 4897 and 10679?
59
What is the highest common factor of 8632 and 96031?
1079
Calculate the greatest common factor of 15085 and 1260.
35
Calculate the greatest common divisor of 272 and 224112.
16
What is the highest common factor of 102580 and 644?
92
What is the highest common divisor of 138 and 1061726?
46
What is the greatest common factor of 29640 and 3380?
260
What is the greatest common divisor of 475 and 1246495?
95
What is the greatest common factor of 28 and 7935452?
28
What is the greatest common divisor of 750 and 149475?
75
What is the highest common divisor of 29240 and 120?
40
What is the highest common factor of 141 and 5181?
3
Calculate the highest common divisor of 26975 and 52.
13
What is the greatest common factor of 175105 and 70?
35
What is the greatest common factor of 675 and 13350?
75
Calculate the greatest common divisor of 1293145 and 70.
35
Calculate the greatest common factor of 901 and 83263.
53
What is the greatest common factor of 420 and 294612?
12
What is the greatest common factor of 286701 and 421?
421
Calculate the greatest common divisor of 258 and 267.
3
What is the highest common divisor of 1198186 and 22?
22
Calculate the highest common factor of 130815 and 1026.
513
What is the greatest common divisor of 1058 and 1075112?
46
What is the greatest common divisor of 12780 and 8820?
180
What is the greatest common divisor of 16418 and 18?
2
Calculate the highest common factor of 912 and 885723.
57
Calculate the greatest common divisor of 4703 and 27.
1
What is the greatest common divisor of 522 and 223184?
58
Calculate the highest common divisor of 16200 and 141300.
900
Calculate the highest common divisor of 2193 and 12801.
51
Calculate the greatest common factor of 167 and 154976.
167
What is the greatest common divisor of 117599 and 115?
23
What is the highest common factor of 17094 and 1701?
21
Calculate the greatest common factor of 12530 and 67270.
70
What is the greatest common divisor of 425 and 225?
25
What is the highest common divisor of 414 and 21850?
46
Calculate the highest common factor of 268 and 60166.
134
What is the highest common factor of 84188 and 6?
2
Calculate the greatest common factor of 1390819 and 1349.
1349
What is the greatest common divisor of 64219 and 1293?
431
Calculate the greatest common factor of 1648 and 38419.
103
Calculate the highest common divisor of 124 and 89435.
31
Calculate the highest common factor of 72853 and 814.
407
Calculate the highest common divisor of 8 and 6044.
4
Calculate the greatest common factor of 92 and 13560.
4
Calculate the greatest common divisor of 4 and 4124.
4
Calculate the greatest common divisor of 7202 and 38226.
554
What is the highest common factor of 2556174 and 276?
138
Calculate the greatest common factor of 102 and 2966466.
102
Calculate the greatest common factor of 324 and 1746.
18
What is the greatest common factor of 441 and 17003?
49
Calculate the greatest common factor of 6171 and 1419.
33
Calculate the highest common divisor of 28990871 and 13.
13
Calculate the greatest common divisor of 21 and 1172199.
21
What is the greatest common divisor of 29212 and 536?
268
Calculate the greatest common factor of 50 and 4288.
2
What is the greatest common factor of 320 and 52672?
64
Calculate the highest common divisor of 35 and 7385.
35
What is the greatest common factor of 2976 and 134304?
96
What is the greatest common divisor of 535775 and 145?
145
What is the highest common factor of 8802 and 446946?
978
What is the greatest common factor of 8814 and 2184?
78
What is the highest common factor of 202 and 50?
2
What is the highest common factor of 768606 and 1113?
159
What is the highest common divisor of 62517 and 105?
21
Calculate the greatest common factor of 304 and 309320.
152
Calculate the highest common factor of 10998 and 12584.
26
Calculate the highest common divisor of 29 and 21.
1
What is the highest common divisor of 331065 and 75?
15
What is the greatest common factor of 286710 and 3990?
570
Calculate the highest common factor of 2814 and 5992.
14
What is the greatest common factor of 48139 and 2392?
299
Calculate the highest common divisor of 399378 and 514.
514
Calculate the greatest common divisor of 6303 and 2321.
11
What is the highest common divisor of 235773 and 51?
51
Calculate the highest common factor of 58 and 7453.
29
What is the highest common divisor of 792 and 20808?
72
Calculate the greatest common factor of 504 and 1572.
12
Calculate the greatest common divisor of 9037 and 581.
7
Calculate the highest common factor of 243 and 570321.
243
Calculate the highest common factor of 411661 and 422.
211
What is the highest common divisor of 161245 and 105?
35
Calculate the highest common factor of 9472 and 38850.
74
What is the greatest common factor of 57510 and 994?
142
Calculate the highest common factor of 33352 and 21603.
379
Calculate the highest common divisor of 230 and 135884.
46
What is the highest common factor of 5878 and 16?
2
Calculate the highest common divisor of 255 and 474725.
85
What is the greatest common divisor of 749633 and 398?
199
What is the highest common factor of 26 and 3088891?
13
What is the greatest common factor of 13916 and 72?
4
Calculate the highest common factor of 76 and 1972276.
76
Calculate the highest common factor of 440 and 1234640.
440
Calculate the highest common divisor of 231 and 410102.
77
Calculate the greatest common factor of 5975 and 74329.
239
Calculate the highest common divisor of 58 and 31001.
29
Calculate the greatest common factor of 444 and 268472.
148
Calculate the highest common divisor of 264 and 671352.
264
Calculate the highest common factor of 882748 and 4.
4
What is the highest common divisor of 68641 and 913?
83
Calculate the greatest common divisor of 2128 and 4816.
112
What is the highest common factor of 462 and 594?
66
What is the highest common divisor of 314040 and 480?
120
Calculate the highest common divisor of 33 and 251493.
33
What is the highest common divisor of 3247 and 14195?
17
Calculate the greatest common divisor of 23015 and 25.
5
What is the highest common divisor of 17185 and 385?
35
What is the highest common factor of 3666 and 29516?
94
What is the greatest common divisor of 280 and 54?
2
Calculate the greatest common divis